isor of 15785076 and 124.
124
Calculate the highest common factor of 7124 and 5.
1
What is the highest common factor of 1172 and 13512281?
293
Calculate the greatest common divisor of 1744174545 and 12594.
6297
Calculate the highest common factor of 2104320 and 10373640.
16440
What is the greatest common factor of 747 and 3851283?
249
What is the highest common divisor of 46377976 and 136?
8
What is the greatest common divisor of 54035330 and 1314?
146
What is the highest common divisor of 409104 and 3664?
16
Calculate the greatest common factor of 64114732 and 36.
4
What is the highest common divisor of 5 and 720487805?
5
What is the highest common divisor of 118966235 and 115?
115
What is the greatest common divisor of 2705 and 10020?
5
What is the greatest common divisor of 220353 and 215368825?
10493
Calculate the greatest common factor of 25444 and 340.
4
What is the highest common factor of 127625212 and 4511?
4511
What is the greatest common factor of 141832795 and 365?
365
What is the greatest common factor of 21730696 and 5408?
1352
What is the greatest common factor of 516270 and 1146?
6
Calculate the greatest common divisor of 838005 and 7797.
69
Calculate the greatest common divisor of 4512 and 163104.
96
What is the highest common factor of 28561 and 417599?
169
Calculate the highest common factor of 47814 and 4040634.
78
What is the greatest common divisor of 32863782 and 3633?
21
What is the highest common divisor of 428 and 14981284?
428
What is the highest common factor of 674916 and 76758?
66
What is the greatest common divisor of 76987592 and 88?
88
Calculate the highest common divisor of 2960690 and 55.
5
What is the highest common divisor of 65341887 and 1737?
579
What is the greatest common factor of 1019234 and 7047?
29
Calculate the highest common divisor of 5805 and 120529.
43
Calculate the greatest common divisor of 340366 and 356478.
2014
Calculate the highest common divisor of 225 and 19358350.
25
Calculate the greatest common divisor of 1128 and 4056852.
564
What is the highest common divisor of 142 and 35493397?
71
Calculate the greatest common factor of 7073 and 124099.
643
Calculate the greatest common factor of 13867521 and 321.
321
What is the greatest common factor of 893 and 9786843?
19
Calculate the greatest common factor of 20 and 8073080.
20
Calculate the highest common divisor of 1290 and 188670.
30
What is the highest common divisor of 155935 and 15?
5
Calculate the highest common divisor of 4021 and 180.
1
Calculate the greatest common divisor of 932 and 200488.
4
Calculate the greatest common factor of 456692201 and 539.
49
Calculate the greatest common factor of 490365 and 19771.
17
What is the highest common divisor of 1087294 and 47120?
1178
Calculate the greatest common divisor of 605 and 6983273.
121
What is the highest common factor of 843689 and 46123?
77
What is the highest common divisor of 381 and 20698841?
127
What is the greatest common factor of 2030233 and 37904?
2369
What is the greatest common divisor of 520032430 and 3110?
3110
What is the greatest common divisor of 1200 and 30428400?
1200
Calculate the highest common factor of 1079 and 15902717.
83
What is the greatest common factor of 141 and 52445937?
141
Calculate the greatest common factor of 135624 and 112584.
24
Calculate the highest common factor of 103 and 2123863811.
103
Calculate the highest common divisor of 985020 and 1440.
60
Calculate the greatest common divisor of 126549566 and 22.
22
What is the highest common factor of 437355 and 1440?
45
What is the highest common divisor of 1017 and 143109?
9
What is the highest common factor of 9 and 2877477?
3
Calculate the highest common divisor of 158601 and 34104.
87
Calculate the greatest common factor of 5413394 and 770.
14
What is the greatest common factor of 16116159 and 141?
141
What is the highest common factor of 30 and 378267705?
15
What is the greatest common factor of 41180 and 287680?
580
Calculate the greatest common factor of 219 and 352133093.
73
What is the highest common divisor of 888 and 1961352?
24
Calculate the highest common divisor of 781773 and 2146.
37
Calculate the highest common divisor of 2618307 and 153.
9
What is the greatest common divisor of 133845560 and 80?
40
What is the greatest common divisor of 466376389 and 4911?
1637
Calculate the highest common factor of 9292113 and 99.
9
Calculate the greatest common factor of 1022 and 101710.
14
What is the highest common factor of 2253625 and 44?
11
What is the greatest common divisor of 48972 and 232380?
12
Calculate the highest common factor of 1220 and 375640.
20
What is the highest common factor of 179905 and 49445?
55
What is the highest common divisor of 3016080 and 619830?
6390
What is the highest common factor of 23 and 184618171?
23
What is the highest common factor of 212 and 390651764?
212
What is the highest common divisor of 719814 and 52428?
102
What is the greatest common divisor of 7557 and 11356797?
687
What is the greatest common divisor of 25092 and 1002528?
36
Calculate the greatest common divisor of 45161067 and 84.
21
Calculate the greatest common factor of 74636258 and 3350.
134
Calculate the highest common factor of 89674898 and 34.
34
Calculate the greatest common factor of 2870 and 251030.
10
Calculate the highest common divisor of 10045 and 2171435.
245
Calculate the highest common factor of 87747 and 11418.
33
Calculate the highest common factor of 16690 and 15530.
10
What is the greatest common divisor of 18 and 721611?
9
What is the greatest common divisor of 24728 and 107800?
88
Calculate the greatest common factor of 2465 and 2014505.
5
What is the greatest common factor of 61920 and 17040?
240
Calculate the highest common divisor of 1713326 and 234183.
251
Calculate the highest common factor of 1258 and 127619.
17
Calculate the greatest common divisor of 4746449 and 1737.
193
Calculate the highest common factor of 8386216 and 462382.
6334
What is the greatest common divisor of 375411568 and 1952?
976
What is the greatest common factor of 3622 and 45106577?
1811
Calculate the highest common factor of 5045143 and 623.
89
What is the greatest common divisor of 647 and 1161753847?
647
What is the greatest common divisor of 13398 and 530904?
66
Calculate the highest common factor of 1862 and 564774.
98
Calculate the greatest common factor of 730914 and 94428.
258
Calculate the highest common divisor of 47444 and 355424.
116
Calculate the highest common factor of 2917367 and 34943.
83
What is the highest common factor of 14370 and 14561121?
1437
What is the highest common factor of 7265980 and 760?
380
Calculate the highest common divisor of 10206 and 1580229.
1701
What is the highest common factor of 74246741 and 263?
263
Calculate the highest common factor of 248686797 and 2787.
2787
What is the greatest common factor of 3330432 and 38409?
1239
Calculate the greatest common factor of 19121799 and 36774.
681
Calculate the highest common divisor of 1789870744 and 16.
8
Calculate the greatest common factor of 2552 and 1008678.
638
What is the greatest common divisor of 7557472 and 6874?
982
What is the highest common divisor of 11452645 and 68?
17
What is the highest common divisor of 1462 and 154255?
1
What is the highest common divisor of 636 and 14487288?
12
What is the greatest common divisor of 4905696 and 224?
32
Calculate the highest common divisor of 23323032 and 11286.
1026
Calculate the greatest common factor of 90 and 4165490.
10
Calculate the greatest common divisor of 45 and 2056815.
45
What is the highest common factor of 242872949 and 99?
11
What is the highest common factor of 3622521862 and 1601?
1601
What is the greatest common divisor of 17517617 and 91?
13
Calculate the highest common divisor of 17 and 59463433.
17
Calculate the highest common factor of 11632 and 95864.
8
What is the greatest common divisor of 55 and 84982755?
55
What is the highest common factor of 264774504 and 876?
876
Calculate the highest common divisor of 4 and 574232104.
4
Calculate the highest common divisor of 24 and 895334304.
24
Calculate the greatest common factor of 370449 and 82701.
9
Calculate the highest common factor of 9888 and 61605948.
1236
Calculate the greatest 